- -170. List the prime factors of 201/((-25)/(-10) + s).
2, 67
Suppose -4*f - j + 96 = 0, -9*f + 13*f - 3*j - 96 = 0. List the prime factors of (f/(-10))/(10/(-875)).
2, 3, 5, 7
Suppose 1088918 + 1930717 - 726903 = 69*c. List the prime factors of c.
2, 3, 13, 71
Suppose d + 4*a - 2 = 0, 7*a - 12*a + 13 = 3*d. Suppose -d*x - 3*x = -279. What are the prime factors of x?
31
Suppose 2457465 = 78*c + 464487. List the prime factors of c.
3, 17, 167
Let p(l) = 2*l + 12. Let u(o) = 5*o + 6. Let f be u(-2). Let a be p(f). Suppose 0 = k - a*v - 26, 3*v = k - 2*v - 24. List the prime factors of k.
2, 17
Suppose -4*d - 350 = 2*p, -2*p + p - 176 = d. Let y = p + 592. What are the prime factors of y?
5, 83
Suppose -12*h = -18607 - 18941. Suppose 0 = y + 5*m - 639, 5*y + 7*m - h = 4*m. What are the prime factors of y?
2, 3, 13
What are the prime factors of (13 + 0 - -1946) + -7?
2, 61
Let r = -138 + 122. List the prime factors of (-88)/r*(82 + 0).
11, 41
Suppose 1960149 + 467976 = 5*d + 30*d. List the prime factors of d.
3, 5, 37
Let o(p) = 65*p - 63. Let r = -489 - -498. List the prime factors of o(r).
2, 3, 29
Let t = -597 - -602. Let s = 0 + 0. Suppose s*n - 215 = -t*n. List the prime factors of n.
43
Let m(n) = -n + 14. Let a(k) = 1. Let l(d) = -3*a(d) - m(d). Let i be l(17). What are the prime factors of (-3 + i - (4 - 6))*-77?
7, 11
Suppose 59*y + 369 = 58*y. Let h = y - -379. What are the prime factors of h?
2, 5
Let i(t) = 27*t**3 - 2*t**2 + 2*t + 6. Let m be i(5). Suppose 12*h - 11287 = m. What are the prime factors of h?
23, 53
Let m(i) = 12*i**3 + 665*i**2 - 68*i + 332. What are the prime factors of m(-54)?
2, 37, 181
Let n be (-160)/(-3) + (-2)/6. Suppose 25*b + 5 = 26*b. Suppose o + k = n, -o - 2*o = -b*k - 135. What are the prime factors of o?
2, 5
Let n = 10592 - 3142. List the prime factors of n.
2, 5, 149
Let h(l) = -8*l - 15. Let a be h(-1). Let g(j) = 20*j**2 - 2*j - 3. What are the prime factors of g(a)?
991
Suppose -4*z = 16, 2*h + z = -2*z + 14714. What are the prime factors of h?
37, 199
What are the prime factors of (0 - -67270)/7 - 10?
2, 3, 5
Suppose l - 2 = 26. Let h = 40 - l. What are the prime factors of 3/2 + (1134/h)/3?
3, 11
Let q be (2/2)/(1/(-107)). Suppose 255*j = 241*j - 140. Let h = j - q. What are the prime factors of h?
97
Suppose -15*k - 28*k = -177547. List the prime factors of k.
4129
Suppose -5*l - 161 = y - 3*l, -3*y + 3*l - 456 = 0. Let s = 710 + y. What are the prime factors of s?
3, 5, 37
Let m be (1 - 3) + (-39)/(-3). Suppose 5 = k - m. List the prime factors of (0 - 3/(-1)) + k.
19
Let p = -1731 - -5029. List the prime factors of p.
2, 17, 97
Let u(r) = r**3 - 28*r**2 + 10*r + 64. What are the prime factors of u(29)?
5, 239
Let n be (-17478)/(-72) - 3/(-12). Suppose 3*g + 2*i - 3728 = 0, g + n = 2*i + 1483. List the prime factors of g.
2, 3, 23
Let d = -179 + 337. Let l = -154 + d. Suppose -p + l*p - 888 = 0. What are the prime factors of p?
2, 37
Let d be (-6)/57 + 1085/19. Suppose d*h - 54*h - 369 = 0. What are the prime factors of h?
3, 41
Suppose -l = -0*l - n - 8, 0 = -2*l + 5*n + 31. Suppose 8*m - 7*m + p - 371 = 0, 0 = l*m - 3*p - 1095. What are the prime factors of m?
2, 23
Suppose 0 = 94*y - 16*y - 2467842. List the prime factors of y.
29, 1091
Suppose -4*j - 2*d = -7*j + 21, 0 = -2*d. Let f(g) = 41*g - 67. What are the prime factors of f(j)?
2, 5, 11
What are the prime factors of 310910/50 - (-6*(-2)/10 - 2)?
3, 691
Suppose 2*a = 5*y - 1200, -2*a + 2*y = 341 + 847. Let w = a - -914. Let l = w + -180. What are the prime factors of l?
2, 3
Suppose -3*p + 75275 = a, 119*p - 114*p - 3*a - 125449 = 0. What are the prime factors of p?
11, 2281
Suppose 76*a - 36925 - 88782 = 123345. List the prime factors of a.
29, 113
Let v(s) = s**2 + 12*s + 9. Let j be v(-12). Suppose -j = -3*q + b, 7 = q + b - 0. Let x = 32 + q. What are the prime factors of x?
2, 3
Let q(s) = 2*s**2 + 44*s + 57. List the prime factors of q(-49).
3, 17, 53
Suppose -2*o - 89 = y, -5*y + 92 = -6*y - 5*o. Let z = -83 - y. List the prime factors of 10*(-75)/(-4) - z/(-8).
2, 47
Let a(l) = -6*l - 27. Let s be a(-9). Let p = s - 16. Suppose 181 = 6*x - p. List the prime factors of x.
2
Suppose 0 = 2*o - 151*f + 149*f - 6494, -4*o + f + 12982 = 0. What are the prime factors of o?
5, 11, 59
Let n = 17 - 39. List the prime factors of (-4)/n - (-229126)/506.
3, 151
Let h(m) be the third derivative of 7*m**5/20 - m**4/8 + m**3/2 - m**2. Suppose 52 = 5*w + 47, -q = 3*w - 5. List the prime factors of h(q).
3
Let b = -27174 + 41394. Suppose 0 = -3*w - 17*w + b. Suppose -3*s = 3*n - w, 2*s + 0*n = -n + 472. What are the prime factors of s?
5, 47
Suppose 0 = 6*k - 7 - 11. Suppose 0*i + 4*m = k*i + 295, 3*i + 309 = -3*m. Let v = i - -150. List the prime factors of v.
7
Suppose 107 = 5*f - 663. Let o = 2 - f. Let r = -92 - o. List the prime factors of r.
2, 3, 5
Let b(l) = l**3 + 8*l**2 - 19*l + 12. Suppose -4*r - 22 = 18. Let d be b(r). Suppose 3*s + s = d*o - 320, -3*o = -4*s - 480. List the prime factors of o.
2, 5
Let n = 11 + -2. Let v be (-12)/n - 64/6. What are the prime factors of 10 - (-1)/((-4)/v)?
13
Let r(m) = -36 - 11*m**2 + 24*m + 10*m**2 + 3*m + 5*m. What are the prime factors of r(11)?
3, 5, 13
Let z(f) = -12*f**3 - 3*f**3 + 2*f**3 - f + 2 - 4*f**2. Let a be z(1). Let t = 67 + a. What are the prime factors of t?
3, 17
Let h = 40 + -34. Let m(c) = 8*c**2 - 9*c - 28. Let z be m(h). Let d = z - 68. List the prime factors of d.
2, 3, 23
Let w(b) = -102*b - 8. Let q be w(-1). Let l = -92 + q. Suppose -176 = -3*r - 4*u, l*r - 6*u - 148 = -u. List the prime factors of r.
2
Let i be (-164)/28 - (1/7 - 0). List the prime factors of 9/i*(-582 - (-2 + 4)).
2, 3, 73
Let b(j) = -8*j + 26. Let w be b(-12). Suppose 6*k - 52 = w. List the prime factors of k.
29
Let m(b) = 5*b**2 + 27 - 29*b + 11 + b - 4*b - 11. List the prime factors of m(15).
2, 3, 7
Let t(z) = 42*z**2 + 27*z + 231. List the prime factors of t(28).
3, 5, 7, 17, 19
Let l(y) = 5*y**2 - 8*y + 2. Let i(x) = 5*x**2 - 8*x + 3. Let r(p) = -4*i(p) + 5*l(p). Let s = -1049 + 1055. What are the prime factors of r(s)?
2, 5, 13
Let u(m) = -126*m**3 - 13*m**2 - 85*m + 7. What are the prime factors of u(-4)?
13, 631
Suppose 0 = d + 78 - 7. Let c = d - -75. Suppose 0 = -3*k - c*v + 186, -2*k + 124 = 4*v - 9*v. What are the prime factors of k?
2, 31
Let j(m) be the second derivative of -4*m + 37/2*m**2 + 0 + 1/6*m**3. List the prime factors of j(16).
53
Let n = -70909 + 123400. List the prime factors of n.
3, 17497
Suppose 0 = -4*c - 28 - 32. Let n = c - -27. What are the prime factors of n/(-3)*(-114)/12?
2, 19
Let c = 6037 + -5278. What are the prime factors of c?
3, 11, 23
Suppose 0 = 5*v + 5*h + 56789 - 156809, -5*v + 2*h = -99992. List the prime factors of v.
2, 5
Let b(z) be the second derivative of 18*z + 0 + 5/12*z**4 + 5/3*z**3 - 15/2*z**2. What are the prime factors of b(5)?
2, 5
Suppose 34758 = 5*x - 16*y + 15*y, 3*y = 5*x - 34744. List the prime factors of x.
17, 409
Let z(q) = -19*q + 9. Let d = 63 - 48. Suppose 0 = d*p - 8*p + 70. What are the prime factors of z(p)?
199
Suppose y - 3*a + 84 = 712, 4*y - 5*a = 2526. Let v = -240 + y. List the prime factors of v.
2, 197
Let s(j) = -j**2 + 3*j + 43. Let k be s(8). Suppose -z + 3*a - 7 - 15 = 0, -3*z + k*a = 72. Let v = 28 - z. List the prime factors of v.
53
List the prime factors of (-9)/(-6) + (-110)/68 - (-1734475)/425.
7, 11, 53
Suppose 306*c - 607*c = -313*c + 136596. List the prime factors of c.
11383
Let r be (-240)/(-39) - 4 - 2/13. Suppose -9*o = -r*o - 3724. What are the prime factors of o?
2, 7, 19
Let g be (8/14)/((-12)/(-42)). Let y(a) = -5*a**2 + 5*a - 11. Let z(n) = n**2 + 1. Let v(p) = g*z(p) - y(p). What are the prime factors of v(3)?
61
Suppose -4*i - i + 4200 = 0. Suppose 14*f - i = -4*l + 12*f, 0 = l - 5*f - 232. List the prime factors of l.
2, 53
Let s be (-2 + 197 + -3)*(-15)/(-20). Let f be (-1)/(3/s*2). List the prime factors of 134/(-2)*(-27 - f).
3, 67
Let g(s) = -s**3 - 3*s**2 + 6*s + 12. Suppose 0 = -4*r - 2*d - 8, -3*r = 2*r + 2*d + 12. Let l be g(r). List the prime factors of 113/l + (-63)/12 + 5.
2, 7
Suppose 2*w - 52 = -4*v, 4*v + 97 = 5*w + 3*v. Suppose -83*h = -84*h + 142. Suppose 3*o = -12, -2*o + w = 2